 + (2 - 6))?
5
What is the value of 7 + -11 + -1 + 4?
-1
Evaluate (-2 - (3 - 4)) + -2 + -1.
-4
-1 - (-5 + 1 + (3 - -4))
-4
Evaluate 3 + 4 + -7 + 8 + -2.
6
What is the value of -4 + 2 + -2 + 3?
-1
What is the value of 1 + 11 - (8 + -2 + -1)?
7
-1 - (0 - -4 - 8)
3
Evaluate 0 + -5 - -2 - -7.
4
Calculate -3 - (12 - 6 - 15).
6
Calculate -4 - 1 - (-6 - -2).
-1
-5 - -8 - (13 - 10)
0
What is -7 + 3 + 0 + 9 - 0?
5
18 + -9 + 2 + -7
4
Calculate 2 + (34 - 39 - (-5 - 1)).
3
What is the value of -22 + 15 - (-2 + -2)?
-3
Calculate (-5 - (3 + 1)) + 4.
-5
Calculate -5 + 14 + -1 + -15.
-7
5 + (-6 - (-5 - 3))
7
What is the value of 0 + 7 - (-5 + 19)?
-7
Evaluate (3 - 1) + -7 + -2 - -3.
-4
What is -4 + (8 - ((8 - -5) + -6))?
-3
Calculate 7 + (-4 - -4) + -3.
4
What is the value of 6 + -8 + 5 - (-2 - -3)?
2
What is the value of 3 - (6 - 4) - 2?
-1
Calculate -1 + (0 - -2) + -6.
-5
What is the value of 4 - 4 - (0 + -2)?
2
Calculate -9 - (22 + -22) - (-6 + -1).
-2
Evaluate (0 - (2 - 0)) + 4 - -1.
3
What is -3 + (-4 + 1 - 1) - -3?
-4
Calculate (0 + -2 - (2 - 4)) + 0.
0
Evaluate 0 + -7 - -2 - (1 + -2).
-4
Calculate -31 + 15 + 7 - (0 - 3).
-6
Evaluate 3 - (0 + -1 + 1 + 1).
2
What is the value of 0 - (7 - 5) - -7?
5
8 + (-5 - -4) + -5
2
What is the value of 4 + 8 + (-1 - 4)?
7
Evaluate -7 + 8 + 7 + 0 - 10.
-2
What is the value of (3 - 10 - -16) + -3?
6
What is 21 + -13 - (-5 - -6)?
7
Calculate 3 - (3 - -9 - 14).
5
Evaluate 2 + (4 - (7 + (-2 - 4))).
5
Evaluate (3 - 2) + -1 + 9 + -4.
5
What is -21 + (5 - 1) + 10?
-7
(8 - -1) + (-18 - -8)
-1
Calculate (26 - 30) + 1 + 5 + -3.
-1
Calculate -14 + 7 + 1 + 17 + 0.
11
What is the value of 5 + 4 + -5 + -3?
1
Evaluate 2 + (-7 - (-11 - -5)).
1
28 + -37 + (1 - -3)
-5
What is the value of 12 + 15 + -12 - 9?
6
23 - (2 - -10) - 12
-1
-19 - (-11 - (3 + -2))
-7
Calculate 4 - (3 - -3) - -1.
-1
What is -2 + 1 + (-6 + 1 - -1)?
-5
What is -4 + 17 + -9 + 0?
4
Evaluate -2 - -4 - (-4 - (-4 - 4)).
-2
-10 + 12 + -6 + 5
1
-1 + (6 + -4 - 3) - 0
-2
Calculate -60 + 62 - (3 + 0).
-1
What is the value of 3 + 8 + 8 + -16?
3
What is -2 + 0 + 3 - 0 - 5?
-4
1 - -1 - (-1 + 4) - -2
1
4 - (-2 + (-2 - -7))
1
Evaluate 6 + 0 - 24 - -10.
-8
2 + (4 - 2) + -5
-1
What is the value of (-16 - (6 - 6)) + 3 + 3?
-10
What is the value of -7 + 6 + (-2 - 2)?
-5
Evaluate 6 + (-16 - -7) + 0.
-3
What is the value of 4 + -1 + 35 + -38?
0
6 + -12 + 21 + -4 + -3
8
What is -5 + (-5 - -6) - -8?
4
(-6 - (3 + -5)) + 3
-1
(1 - (-2 + 7) - -6) + 1
3
-1 + 4 + 4 + 1 + -4
4
-1 + 1 - 8 - (-105 + 92)
5
What is the value of 3 + 5 + 2 + -5 + -2?
3
Calculate 1 + (-10 - (1 - 5)).
-5
9 + 1 + (12 - 5) + -13
4
What is 0 + (-1 - -5) - (-15 - -17)?
2
Evaluate 57 + -54 + (0 - 0).
3
What is 4 - 6 - (1 + -3)?
0
4 - ((7 - 4) + -3)
4
Evaluate (-4 - 0) + (-24 - -33).
5
What is (11 - 4 - 3) + -3?
1
Calculate 3 - 20 - (-3 + -12 + 8).
-10
What is (1 - 6 - (2 - 3)) + 3?
-1
What is -7 + (1 - -1) + 4 + 2?
1
Evaluate 4 + -1 + (0 - (3 - -2)).
-2
-2 + (5 - (-1 + 15) - -2)
-9
Evaluate -14 - ((1 - 6) + -5).
-4
Calculate (17 + -9 - 6) + 2.
4
What is (7 - 8 - 5) + 1 + 0?
-5
What is the value of 0 + (-9 - -14) - -2?
7
Calculate 4 + -4 + (-4 - -2) + 2.
0
Evaluate 6 - (-3 - (0 - 6)).
3
Evaluate (-4 - (-1 - 2)) + (-1 - -4).
2
What is (-1 - (0 - (0 + 2))) + 3?
4
What is 8 - (-6 - 1) - 8?
7
What is the value of -4 - (2 - (0 - (5 - 5)))?
-6
What is -1 - 0 - (81 + -75)?
-7
What is the value of (4 - (2 + -3)) + 4 - 4?
5
Evaluate -3 - (0 - 3 - 3).
3
Evaluate 10 + -8 - (-3 + -2 - -3).
4
(0 - 4 - -3) + (-9 - -5)
-5
Calculate (3 + -5 - 4) + 2.
-4
(-1 - ((-7 - -5) + -1)) + -6
-4
-5 + 4 - (-3 - -2)
0
Calculate (0 - (0 - 7)) + -5.
2
8 - (3 - (-24 - -11))
-8
What is 1 - (-3 - -10) - -1?
-5
What is (39 - 47) + 7 + -2?
-3
What is the value of 3 + (-1 - (-1 - -3))?
0
What is -10 - -13 - (0 + 1 - -2)?
0
What is the value of (4 - 10) + -13 + 16?
-3
What is -5 - (-6 + 15 - 3 - 8)?
-3
What is 2 - (2 + (1 - 1))?
0
What is the value of (-8 - -3) + 3 + 0?
-2
Calculate 1 - (7 - (-6 + 17)).
5
What is 3 + (-19 - -7 - -7)?
-2
What is the value of 5 + (-12 + 6 - -10)?
9
Calculate 2 - (4 - 5 - -6).
-3
Calculate -9 + (-6 - -3 - -18).
6
What is 12 + 4 + (9 - 11) + -3?
11
Evaluate (-4 - (-3 + 2)) + -2 + 3.
-2
Evaluate 3 - (8 - 0 - 5).
0
Calculate 4 + (-5 - (-6 + 3)).
2
What is -28 - -23 - (1 - 6)?
0
What is the value of (-1 + -3 - -8) + 2 + -7?
-1
Evaluate -3 + 23 + -3 - 7.
10
Calculate (-2 + 6 - -2 - 3) + -2.
1
Calculate (-1 - 3) + (-2 - -8).
2
Calculate 6 + -5 + -6 + -3.
-8
4 + -10 + 5 + -5 - -1
-5
Calculate 7 - (3 - -9) - 0.
-5
Calculate 1 + (2 + -4 - -2).
1
What is -2 - (-4 - (4 - (4 + 4)))?
-2
Calculate 1 - (4 - (3 + 2)).
2
What is the value of (-13 - (-3 + -1 + 3)) + 8?
-4
What is the value of 3 + -5 + 0 + -1?
-3
Evaluate (21 - 15) + (-4 - 5).
-3
What is the value of 7 - (9 - 1) - (-6 + 0)?
5
Evaluate -7 - (-7 - (7 - 12)).
-5
What is -4 + 9 + -4 + 4?
5
5 + 11 + -12 + -12
-8
Evaluate -2 + 3 - (3 - (4 - 0)).
2
What is (-2 - 1) + 23 + -10 + -5?
5
Evaluate -1 - (-11 + 12 + (3 - 1)).
-4
What is -2 + (0 - (2 - (4 + -3)))?
-3
-28 + 25 - (-8 - -3)
2
What is the value of -11 + 5 + 1 - (-3 + 4)?
-6
Evaluate 6 - 3 - 1 - 7.
-5
2 + 2 - (4 + -2)
2
0 - 2 - (5 - (-7 - -13))
-1
What is 2 + 0 - (62 - 61)?
1
(-6 + 7 - 4) + -1
-4
Evaluate 58 + -58 - (8 - 1).
-7
Evaluate -2 - (2 - (-1 - (2 - 3))).
-4
What is the value of -5 + 2 + -5 - -12?
4
What is the value of 2 + 1 - ((2 - 1) + -1)?
3
What is 8 + 4 + -5 - 4?
3
What is the value of 1 - (2 + -7) - 3 - 0?
3
Calculate 1 + -9 + (80 - 66).
6
Evaluate (-1 - (-2 + -1 + 2)) + 2.
2
What is the value of -16 - ((11 - 6) + -19)?
-2
What is the value of 3 + -2 - 14 - -9?
-4
Evaluate (10 - (3 - 1)) + (1 - 2).
7
Calculate (-3 - (-8 + 0)) + (6 - 12).
-1
What is (-10 - -5 - (-8 + 1)) + -6?
-4
-2 + -4 + (-3 - (-3 + -2))
-4
Evaluate -6 + -3 + 1 + (40 - 28).
4
-10 - (-11 - -4 - 1)
-2
Evaluate 5 + (-5 + 9 - 8).
1
Calculate (-4 - (-6 + 1)) + (0 - 3).
-2
Evaluate -5 - (-8 + 6 - 4).
1
Evaluate -5 - (3 + 2 - -1 - 6).
-5
What is -1 + 0 + (-1 - -4 - 5)?
-3
Calculate -2 - 2 - (-7 - (1 - -1)).
5
Calculate (6 - 3 - 7) + 10 + -2.
4
Calculate 8 + 1 + -9 + 4 + -2.
2
Calculate -2 - -2 - (5 + (-1 - -1)).
-5
What is the value of 6 + 2 - 5 - -2?
5
Evaluate 2 + (-6 - (1 - -1)).
-6
Evaluate (-3 - (-5 - -3)) + 5.
4
Calculate (10 - 6) + 0 + 2 - -2.
8
What is the value of (-9 - -23 - 16) + 0 + 6?
4
What is the value of 1 + 5 - (2 + 7 + -8)?
5
-3 - (-3 - (3 - 4))
-1
Calculate 0 + 2 + 11 + -26 + 6.
-7
Evaluate -1 + (1 - ((2 - 1) + 0)).
-1
8 - (-3 + 5 + 2)
4
Evaluate -13 + 11 - (-5 + 0).
3
Evaluate 6 + -2 - (-11 + 11).
4
Calculate 19 + -20 + (-10 - -6).
-5
What is 1 + 10 - (-32 + 35)?
8
What is 13 + -6 + -1 + (-3 - 7)?
-4
What is (-1 - 2) + -16 + 9?
-10
What is 7 + -8 - (-3 - (-1 + 0))?
1
What is -12 + (4 - -5) + 0 + 1?
-2
Calculate -1 - (5 - (0 - 0) - -1).
-7
-3 + (7 - (-3 + 7)) + 3
3
Evaluate -1 + -1 + -3 + (-1 - -6).
0
Evaluate 10 + -3 - (-7 - -11 - 3).
6
Calculate 4 + (-6 - (-6 + 15)).
-11
What is 1 - -3 - -8 - (8 + -1)?
5
What is the value of 4 + 20 + -11 + -5?
8
What is the value of -1 + (-3 - -2 - -2) + -1?
-1
-4 + (-3 - (-2 - 2)) + 3
0
-18 + (11 - (-12 - -12))
-7
Calculate 2 + 3 + (-40 - -37) + -10.
-8
Evaluate (-4 - (-16 + 4)) + -4.
4
76 + -70 + (-7 - 0)
-1
What is the value of -5 - (4 - 5) - 1 - 0?
-5
What is -5 + (11 - (-5 + -3 + 11))?
3
What is 2 - 0 - (2 - 5)?
5
Calculate 4 - (8 - 15 - -6).
5
0 - ((-2 - -4) + (3 - 10))
5
-4 - (-6 - -7) - -5
0
Calculate 0 + -7 + 5 + 3.
1
Evaluate 3 + -11 + (-2 - -5).
-5
-3 + 11 + -2 + -9 + -7
-10
-4 + (-7 - -4) + 6
-1
Evaluate 7 + (-5 - -1) + -6.
-3
What is the value of 4 - (3 + 2 + -2 - -5)?
-4
What is -5 + (3 + -4 - (-15 - -5))?
4
Evaluate (-7 - -4) + 4 + 3.
4
Evaluate (-2 - (-3 + 1)) + -5.
-5
What is -5 + -2 + 8 - (0 + -2)?
3
-5 + 1 - (-4 + 2 + 5)
-7
0 + 0 + -56 + 48
-8
What is 1 + (3 - (2 + -2)) + 1?
5
What is -8 - (4 - 11 - -7)?
-8
Calculate 4 - 9 - (-7 + 7).
-5
Calculate 3 - ((3 - 5) + 9).
-4
Calculate 2 + (-7 - (0 - 13)).
8
What is the value of 15 + -9 - (3 - 0)?
3
-2 + 3 - (1 + (2 - 0))
-2
Evaluate -1 + 3 - (3 + -8).
7
(0 + 4 - (-7 + 7)) + -1
3
Evaluate 3 - 3 - (-6 - -4).
2
-1 - -4 - (-19 - (-20 + 8))
10
What is 29 + -31 + 0 + -3?
-5
What is 7 + (-14 - -8) + 3?
4
What is the value of 0 + (1 - (-3 + 0)) -